-1220000?
23313
In base 6, what is 405 + 132121044?
132121453
In base 15, what is 3c3a6 + -2b3?
3c0e3
In base 2, what is 1 - -1110010111101100100111?
1110010111101100101000
In base 10, what is -2616 - -45620?
43004
In base 3, what is 10012122 - 10002220021?
-2222200122
In base 16, what is 52d057a - -1?
52d057b
In base 15, what is 8e7 - 4656?
-3c5e
In base 4, what is -3 + 13020221311?
13020221302
In base 15, what is a + 28c59e?
28c5a9
In base 2, what is 1101110011011110111011001 - -1?
1101110011011110111011010
In base 13, what is -a9cb6 - -18?
-a9c9b
In base 9, what is 23 + -62803?
-62770
In base 2, what is -110001110101000111 - 10001100011?
-110010000110101010
In base 5, what is 42302 - 1323040?
-1230233
In base 11, what is 17 + 5889625?
5889641
In base 3, what is 122 + -22202221201?
-22202221002
In base 7, what is -500 + -160644?
-161444
In base 3, what is 11 + 1212210121101110?
1212210121101121
In base 9, what is -5854 + -4745?
-11710
In base 15, what is -2b60a - 1b8d?
-2d298
In base 10, what is 352859 - 200?
352659
In base 2, what is 111010011101000100100 + -11110011?
111010011100100110001
In base 2, what is -1001010001010100 + -10011001010000?
-1011101010100100
In base 5, what is 10 - -12432100313?
12432100323
In base 7, what is 45 + -5224065?
-5224020
In base 10, what is -4 - -95926292?
95926288
In base 12, what is -9404 + 561?
-8a63
In base 6, what is -23 + 14134541?
14134514
In base 10, what is -1251211 - 22?
-1251233
In base 13, what is 1 + 18cc2c0?
18cc2c1
In base 10, what is 1 - -291528?
291529
In base 10, what is -13 - -28234557?
28234544
In base 2, what is 1101101011 - 10100101100110000?
-10100011111000101
In base 2, what is 1000001011000100001010 + -1000?
1000001011000100000010
In base 14, what is -4 - 1404d77?
-1404d7b
In base 4, what is -11 - -112132131132?
112132131121
In base 13, what is 8734c - 38?
87314
In base 11, what is 380914 - -1011?
381925
In base 10, what is 4568583 - -42?
4568625
In base 5, what is -2 - 21241200121?
-21241200123
In base 4, what is 1 - -232200203021?
232200203022
In base 12, what is 5404 - 36?
538a
In base 5, what is 3 - 1434004203?
-1434004200
In base 16, what is -178509d + 3?
-178509a
In base 14, what is 185408 - 20?
1853c8
In base 16, what is -99c - -19069?
186cd
In base 2, what is -10101001011101000 + 100010110?
-10101000111010010
In base 7, what is 20114463 - -423?
20115216
In base 6, what is -1423 + 13001302?
12555435
In base 4, what is -10 + 2200312231120?
2200312231110
In base 15, what is -1 - 72dc2d7?
-72dc2d8
In base 2, what is -100 - -10100000011111111?
10100000011111011
In base 15, what is -1 - 16da87e?
-16da880
In base 9, what is -18231251 + -78?
-18231340
In base 12, what is -2425213 - -5?
-242520a
In base 3, what is 2 + -2000011011020200?
-2000011011020121
In base 9, what is -343 - -8624?
8271
In base 7, what is -2 + 36641210?
36641205
In base 11, what is 1052 + 38a247?
390299
In base 3, what is -2202012 - -120102201?
110200112
In base 9, what is -50205531 + 48?
-50205472
In base 15, what is -58411ce + -1?
-58411d0
In base 3, what is -10 + 1020011122102220?
1020011122102210
In base 9, what is 573 + 18060?
18643
In base 4, what is -22323330102022 - -10?
-22323330102012
In base 11, what is -6aa45380 + 0?
-6aa45380
In base 2, what is 111100110 - 111101101101111101?
-111101100110010111
In base 8, what is 2334705 - 232?
2334453
In base 7, what is -6312 - 146163?
-155505
In base 8, what is -426 - 252526?
-253154
In base 7, what is -465 + 101110?
100312
In base 10, what is -1817 + 50419?
48602
In base 13, what is 150 + -16b22?
-169a2
In base 2, what is 0 - 101000011010010110101110?
-101000011010010110101110
In base 15, what is -1524 - 4b?
-1570
In base 8, what is -15 - -6065434?
6065417
In base 8, what is 30745142 + 0?
30745142
In base 15, what is d9774 + -7?
d976c
In base 10, what is 602984 + -6?
602978
In base 6, what is 2452035 + -5132?
2442503
In base 14, what is 42d - c1d1?
-bba2
In base 9, what is 3 + -2700100?
-2700086
In base 8, what is -1533445303 - -2?
-1533445301
In base 15, what is -38aa - 3772?
-712c
In base 6, what is -1241254 + 31011?
-1210243
In base 11, what is -1a + 57777a?
577760
In base 10, what is 6 - 2102144?
-2102138
In base 12, what is 29638 - -6a8?
2a124
In base 3, what is -1201011122 - -21110?
-1200220012
In base 9, what is 6765485 - 11?
6765474
In base 14, what is ca4 + 1900?
27a4
In base 8, what is 4103716 + 35?
4103753
In base 6, what is -330002 + 113344?
-212214
In base 14, what is -4 - 3929b55?
-3929b59
In base 12, what is 11509 - 77?
11452
In base 14, what is 2c3c16 - 6?
2c3c10
In base 13, what is 15 - -90353c?
903554
In base 8, what is -321444 - -76?
-321346
In base 10, what is -67351 - 121?
-67472
In base 9, what is 4156 - -64115?
68272
In base 16, what is -33 - 3f6b?
-3f9e
In base 5, what is 2443220 - -13423?
3012143
In base 8, what is -2 + -621572165?
-621572167
In base 12, what is 37a6a26 - 1?
37a6a25
In base 9, what is -7 + 14824337?
14824330
In base 9, what is 161261557 - 4?
161261553
In base 4, what is 203 + -211311201?
-211310332
In base 9, what is -348848620 - -3?
-348848616
In base 8, what is -142024652 + 4?
-142024646
In base 16, what is 321 + 2ab4?
2dd5
In base 10, what is -199343720 + -6?
-199343726
In base 12, what is -7 + -1702037?
-1702042
In base 2, what is 100010001101101000001011 - -11?
100010001101101000001110
In base 4, what is -23231213 - 222100?
-30113313
In base 5, what is -20432330314 - 22?
-20432330341
In base 7, what is -46646055 + 2?
-46646053
In base 5, what is 104 - -2433432?
2434041
In base 16, what is 1d6bde + 5?
1d6be3
In base 13, what is 3a0b9a1 + 7?
3a0b9a8
In base 4, what is -11 + -20232102112?
-20232102123
In base 11, what is -307950 + 9?
-307942
In base 6, what is 54055321 - 30?
54055251
In base 4, what is 23012000322 - 13?
23012000303
In base 6, what is -13313100 + 13555?
-13255101
In base 9, what is -14170535 + 1?
-14170534
In base 13, what is 233 - 4889?
-4656
In base 2, what is 110100101 - -11111011001011?
100000001110000
In base 11, what is 4 + -83623920?
-83623917
In base 10, what is 1 + 3610556?
3610557
In base 2, what is -101111 - -1001110111000100?
1001110110010101
In base 11, what is -2858 - 6?
-2863
In base 16, what is -11a4b12 - b?
-11a4b1d
In base 10, what is 9326 + -1854?
7472
In base 3, what is -11201212201202 - 110?
-11201212202012
In base 7, what is 6 + -1412?
-1403
In base 5, what is 12411224 + -4404?
12401320
In base 9, what is -150836685 + 5?
-150836680
In base 13, what is c + -56772b?
-56771c
In base 2, what is 0 + -11100110100100111101000?
-11100110100100111101000
In base 8, what is 411722 + -274?
411426
In base 10, what is -3 - -1000290?
1000287
In base 8, what is 2 + 204727252?
204727254
In base 7, what is -4404203 + -436?
-4404642
In base 5, what is 10344320 - 423?
10343342
In base 16, what is -806 - 7ac3?
-82c9
In base 16, what is -1b + a6660?
a6645
In base 16, what is 1 - -27ef32d?
27ef32e
In base 13, what is 8782 - -32b?
8ab0
In base 10, what is -105978 + 184?
-105794
In base 12, what is 5 - -a4768b3?
a4768b8
In base 16, what is -4 + b7d4b?
b7d47
In base 16, what is 35 - -2d69b?
2d6d0
In base 4, what is -31323 + -132?
-32121
In base 3, what is -2 + -102222210122001?
-102222210122010
In base 5, what is 1 - -213340304412?
213340304413
In base 2, what is 110111010110000011110101000 + 100?
110111010110000011110101100
In base 6, what is 243 + -4415335?
-4415052
In base 5, what is -30041111 + 11?
-30041100
In base 11, what is 131 - -2144a8?
214629
In base 15, what is 49 + -407d4d?
-407d04
In base 12, what is -14751 - -7485?
-9288
In base 8, what is 3133 + -41501?
-36346
In base 12, what is -3 + 39317b?
393178
In base 5, what is -13 + 1242103430?
1242103412
In base 2, what is -101001011101101 - -1010000000?
-101000001101101
In base 15, what is 1ae39e37 - 2?
1ae39e35
In base 11, what is -31353 - 1186?
-32529
In base 13, what is 1c9 + -552cc?
-55103
In base 9, what is 3 - 251675270?
-251675266
In base 4, what is -33201113133 - 11?
-33201113210
In base 2, what is -10 + 11110011000?
11110010110
In base 7, what is -4524 + -166611?
-204435
In base 13, what is -499a + 1cbc2?
18225
In base 8, what is 275 - 13662?
-13365
In base 9, what is -4 - 30847333?
-30847337
In base 6, what is -43 + -221054520?
-22105